18023
In base 16, what is -1e85c74b - -2?
-1e85c749
In base 5, what is -314 - 424001021?
-424001340
In base 4, what is 330 - 22133021211?
-22133020221
In base 15, what is -522a + -573?
-579d
In base 6, what is -1124 + -22501155?
-22502323
In base 10, what is -3853639 - -1?
-3853638
In base 5, what is -11001 - 101011140?
-101022141
In base 11, what is 7617 + -13a?
7488
In base 4, what is 310203 - 23100?
221103
In base 11, what is 0 + -14730857?
-14730857
In base 8, what is 5 + -113717033?
-113717026
In base 15, what is -4 + 32363a?
323636
In base 16, what is -1390 - bc?
-144c
In base 8, what is 550 - 261450?
-260700
In base 6, what is 22551101541 + -5?
22551101532
In base 11, what is -14288383 - -4?
-1428837a
In base 10, what is 9195071 + 7?
9195078
In base 12, what is -2973 - 1130?
-3aa3
In base 3, what is 102001212121120 - -12?
102001212121202
In base 11, what is 71891851 - 0?
71891851
In base 4, what is -11 + 23231113330?
23231113313
In base 8, what is 757 - 32362?
-31403
In base 8, what is 4302411 - -17?
4302430
In base 13, what is -2b667c7 + 9?
-2b667bb
In base 14, what is -559680 - 5?
-559685
In base 2, what is 1001 + -1100100000011100?
-1100100000010011
In base 16, what is -9ddb2 - -5?
-9ddad
In base 11, what is 2494751 - -5?
2494756
In base 5, what is -4 + -411210304302?
-411210304311
In base 4, what is -111011330 + -313?
-111012303
In base 5, what is -3112 + 12313302?
12310140
In base 11, what is -4 + 31a4584?
31a4580
In base 8, what is -5 + -454042673?
-454042700
In base 9, what is 1042536 + 17?
1042554
In base 9, what is -106 - -11438?
11332
In base 2, what is 101001001000 + -100011110000111?
-11110100111111
In base 14, what is -33 - 13d2b?
-13d60
In base 4, what is 23100111203 - 102?
23100111101
In base 13, what is 73329c7c + 4?
73329c83
In base 3, what is -1101 + 10102202000121?
10102201222020
In base 5, what is -213243120330 - 4?
-213243120334
In base 10, what is 5407 - 1186?
4221
In base 8, what is 11 - -1661372?
1661403
In base 12, what is 1631182 + a?
1631190
In base 3, what is 102 + 112011121000012?
112011121000121
In base 6, what is 11134140 + -122?
11134014
In base 16, what is -518a31 - 8a?
-518abb
In base 13, what is 3b - 1c63621?
-1c635b3
In base 15, what is -15866db + -4?
-15866e0
In base 5, what is 22011012024 + -124?
22011011400
In base 5, what is -1412432432113 + 0?
-1412432432113
In base 12, what is 12 - -1638835?
1638847
In base 5, what is -243221300 + 1?
-243221244
In base 7, what is -21511 + 255?
-21223
In base 16, what is -99d + 16e1?
d44
In base 5, what is -1424222 - -130?
-1424042
In base 16, what is 3f1cc7f + -2?
3f1cc7d
In base 14, what is 175 + 25a73?
25c08
In base 13, what is 4b - -243b29?
243b77
In base 2, what is 1100000 - 101100100001111?
-101100010101111
In base 16, what is a89155 - -5?
a8915a
In base 3, what is 102102200210 + 201102?
102110102012
In base 4, what is 1 + 121202013230?
121202013231
In base 4, what is -1112031 + -3011302?
-10123333
In base 4, what is 1323032 - 101123?
1221303
In base 5, what is -3 - -11013300022?
11013300014
In base 9, what is 3310 - -15743?
20153
In base 4, what is 213132 - -2202211?
3022003
In base 10, what is -10 - -10006179?
10006169
In base 11, what is 0 - -5a315aa2?
5a315aa2
In base 10, what is 3 + 17785211?
17785214
In base 12, what is 396 + -444667?
-444291
In base 6, what is 1244553313 - 2?
1244553311
In base 15, what is 25538c + 4?
255391
In base 3, what is 100222121 - -202202?
101202100
In base 13, what is 17a3b + 23?
17a61
In base 11, what is 49 - 22774a0?
-2277452
In base 10, what is 21 - -3477740?
3477761
In base 2, what is 100100 - 1011111101100111011001101?
-1011111101100111010101001
In base 6, what is 10450 + 4211120?
4222010
In base 10, what is -14 - -1201585?
1201571
In base 3, what is 10100010211000 - 12200?
10100010121100
In base 12, what is -27b82 - 281?
-28243
In base 15, what is 10 - -42a90c?
42a91c
In base 5, what is -101043304133 + -20?
-101043304203
In base 12, what is -10 + 1b935?
1b925
In base 14, what is -22c68b + db?
-22c590
In base 4, what is 120 - 10202022?
-10201302
In base 10, what is -4432 + -172?
-4604
In base 14, what is -3 - 1db2b8?
-1db2bb
In base 3, what is -1201120221100 - 122?
-1201120221222
In base 12, what is -4 + -181a397?
-181a39b
In base 16, what is 4940 + -84?
48bc
In base 13, what is -807 - 7553?
-805a
In base 7, what is 2214425 - -45?
2214503
In base 16, what is -1 + ac8f3f?
ac8f3e
In base 11, what is 427662 - -1?
427663
In base 13, what is 2 + 11caa68?
11caa6a
In base 9, what is -275 - 483186?
-483472
In base 9, what is -83 + -178827?
-180021
In base 11, what is 291563 + 568?
292020
In base 10, what is -30835308 + 1?
-30835307
In base 11, what is -8020 + 127?
-79a4
In base 10, what is 6285118 + 23?
6285141
In base 9, what is -13540 - 314?
-13854
In base 10, what is 11 - -6646935?
6646946
In base 14, what is 583 + -94c?
-3a9
In base 11, what is -23755aa2 - 2?
-23755aa4
In base 8, what is -10 + -13751303?
-13751313
In base 8, what is -115565 + -1007?
-116574
In base 5, what is -322 + 2021230?
2020403
In base 15, what is 2c - -4de7d?
4deaa
In base 9, what is 12 + 211881234?
211881246
In base 13, what is -2 + -2226c5?
-2226c7
In base 16, what is 2c757 + 1cb?
2c922
In base 3, what is -2 + 10120110012012?
10120110012010
In base 10, what is -2 - 6290212?
-6290214
In base 4, what is -30210301 + 10210?
-30200031
In base 9, what is -7664484 - -4?
-7664480
In base 6, what is 4 + -30155454145?
-30155454141
In base 6, what is 4 + 51054113?
51054121
In base 2, what is 1001000001 - -1001000011001010?
1001001100001011
In base 7, what is 62 - 12130122?
-12130030
In base 14, what is 6621 - -3b5d?
a380
In base 6, what is -122152424 - 2?
-122152430
In base 13, what is -7cb + 283b0?
278b2
In base 16, what is 12a1533 + 5?
12a1538
In base 14, what is -1a058 - 3?
-1a05b
In base 14, what is 12157c6 - 6?
12157c0
In base 9, what is 3845238 - -12?
3845251
In base 5, what is 1 + -1002223310?
-1002223304
In base 2, what is 10000101110111001101000 + 0?
10000101110111001101000
In base 9, what is 73754 - 1552?
72202
In base 8, what is 101670535 + -1?
101670534
In base 11, what is 2 + -69032a?
-690328
In base 5, what is -14244331100 + 1?
-14244331044
In base 11, what is -4669503 - -3?
-4669500
In base 12, what is 42a + 2036?
2464
In base 14, what is 101cd234d + 5?
101cd2354
In base 3, what is -21112222112 - 1020?
-21120000202
In base 9, what is 1078 + 12243?
13332
In base 4, what is 11 + -12311222210003?
-12311222203332
In base 3, what is -2120122220 - -20022?
-2120102121
In base 4, what is -22 - 10200022?
-10200110
In base 3, what is 11 - -2022100111110020?
2022100111110101
In base 11, what is a719 + 2a96?
12704
In base 16, what is 15e0713 + 0?
15e0713
In base 7, what is 1 + 2004524332?
2004524333
In base 2, what is 100100011111001100 - 110101?
100100011110010111
In base 8, what is 124475371 + 3?
124475374
In base 12, what is -1a8735 + 185?
-1a8570
In base 3, what is -101110 - -101201000201?
101200122021
In base 15, what is 1837e049 + 0?
1837e049
In base 14, what is -71c1d1 - -4?
-71c1cb
In base 5, what is 0 - 2120100210?
-2120100210
In base 7, what is 55661 - -365602?
454563
In base 5, what is -423 - -21001111?
21000133
In base 8, what is 4176 - 10771?
-4573
In base 5, what is 2442044 + 300?
2442344
In base 11, what is 603 + 244a56?
245559
In base 8, what is -244515 - 622?
-245337
In base 7, what is -5322622 - -4066?
-5315523
In base 3, what is -102220210120 + -21020?
-102221001210
In base 10, what is 16 - 1250434?
-1250418
In base 14, what is 272ad6c9 + 2?
272ad6cb
In base 5, what is -230421102 + -32?
-230421134
In base 7, what is -466412 + -110261?
-610003
In base 2, what is 1100010101101111001101011010 + 11?
1100010101101111001101011101
In base 15, what is 1 - 457e38?
-457e37
In base 12, what is 28557 - -1293?
2982a
In base 6, what is 14 - -300231455?
300231513
In base 13, what is -19 + 6242b04?
6242ab8
In base 7, what is 111430564 + -36?
111430525
In base 3, what is -10000010002211022 + -102?
-10000010002211201
In base 14, what is -34a54 + -124?
-34b78
In base 5, what is 102022234404 + 3?
102022234412
In base 3, what is 0 + -111020110200000?
-111020110200000
In base 10, what is 24926093 + 14?
24926107
In base 14, what is b3 - -70513?
705c6
In ba